78 is divided by 568?
110
Calculate the remainder when 43 is divided by 3.
1
What is the remainder when 17592 is divided by 15?
12
What is the remainder when 152 is divided by 44?
20
What is the remainder when 52 is divided by 15?
7
What is the remainder when 304 is divided by 9?
7
What is the remainder when 385 is divided by 129?
127
What is the remainder when 3836 is divided by 34?
28
Calculate the remainder when 232 is divided by 51.
28
What is the remainder when 122 is divided by 59?
4
Calculate the remainder when 870 is divided by 136.
54
Calculate the remainder when 2069 is divided by 17.
12
What is the remainder when 102 is divided by 55?
47
Calculate the remainder when 1384 is divided by 21.
19
Calculate the remainder when 227 is divided by 189.
38
What is the remainder when 334 is divided by 107?
13
What is the remainder when 1212 is divided by 15?
12
What is the remainder when 2919 is divided by 973?
0
Calculate the remainder when 40 is divided by 28.
12
Calculate the remainder when 10 is divided by 3.
1
What is the remainder when 4241 is divided by 50?
41
Calculate the remainder when 134 is divided by 134.
0
Calculate the remainder when 1871 is divided by 193.
134
What is the remainder when 361 is divided by 91?
88
What is the remainder when 359 is divided by 99?
62
Calculate the remainder when 7401 is divided by 218.
207
What is the remainder when 829 is divided by 380?
69
Calculate the remainder when 38 is divided by 26.
12
Calculate the remainder when 1231 is divided by 114.
91
Calculate the remainder when 816 is divided by 48.
0
What is the remainder when 264 is divided by 69?
57
Calculate the remainder when 9049 is divided by 21.
19
Calculate the remainder when 211 is divided by 27.
22
Calculate the remainder when 6074 is divided by 135.
134
Calculate the remainder when 12239 is divided by 60.
59
Calculate the remainder when 637 is divided by 16.
13
What is the remainder when 221 is divided by 106?
9
What is the remainder when 3179 is divided by 318?
317
What is the remainder when 1584 is divided by 53?
47
Calculate the remainder when 542 is divided by 39.
35
What is the remainder when 132 is divided by 24?
12
What is the remainder when 1783 is divided by 202?
167
What is the remainder when 5576 is divided by 42?
32
What is the remainder when 2248 is divided by 141?
133
Calculate the remainder when 446 is divided by 65.
56
What is the remainder when 520 is divided by 84?
16
Calculate the remainder when 1494 is divided by 187.
185
What is the remainder when 2593 is divided by 59?
56
Calculate the remainder when 27 is divided by 15.
12
Calculate the remainder when 1271 is divided by 87.
53
Calculate the remainder when 958 is divided by 136.
6
What is the remainder when 236 is divided by 73?
17
Calculate the remainder when 253 is divided by 217.
36
What is the remainder when 643 is divided by 166?
145
Calculate the remainder when 2172 is divided by 128.
124
Calculate the remainder when 2263 is divided by 6.
1
What is the remainder when 405 is divided by 16?
5
Calculate the remainder when 104 is divided by 37.
30
Calculate the remainder when 1371 is divided by 25.
21
What is the remainder when 35 is divided by 35?
0
What is the remainder when 275 is divided by 46?
45
What is the remainder when 328 is divided by 101?
25
What is the remainder when 32 is divided by 7?
4
Calculate the remainder when 62530 is divided by 27.
25
What is the remainder when 592 is divided by 279?
34
What is the remainder when 405 is divided by 64?
21
What is the remainder when 988 is divided by 33?
31
What is the remainder when 8209 is divided by 222?
217
What is the remainder when 243 is divided by 43?
28
Calculate the remainder when 448 is divided by 50.
48
What is the remainder when 1202 is divided by 307?
281
Calculate the remainder when 6397 is divided by 1596.
13
Calculate the remainder when 256 is divided by 7.
4
What is the remainder when 1780 is divided by 590?
10
Calculate the remainder when 424 is divided by 25.
24
What is the remainder when 297 is divided by 43?
39
What is the remainder when 10719 is divided by 165?
159
Calculate the remainder when 455 is divided by 17.
13
What is the remainder when 780 is divided by 27?
24
Calculate the remainder when 1012 is divided by 336.
4
Calculate the remainder when 1047 is divided by 70.
67
Calculate the remainder when 102 is divided by 24.
6
Calculate the remainder when 3569 is divided by 14.
13
Calculate the remainder when 291 is divided by 52.
31
What is the remainder when 1825 is divided by 167?
155
Calculate the remainder when 717 is divided by 4.
1
Calculate the remainder when 793 is divided by 208.
169
What is the remainder when 355 is divided by 14?
5
What is the remainder when 4367 is divided by 47?
43
Calculate the remainder when 385 is divided by 64.
1
Calculate the remainder when 6377 is divided by 5.
2
Calculate the remainder when 314 is divided by 43.
13
Calculate the remainder when 494 is divided by 71.
68
What is the remainder when 1385 is divided by 23?
5
Calculate the remainder when 43 is divided by 4.
3
Calculate the remainder when 101 is divided by 82.
19
What is the remainder when 632 is divided by 295?
42
What is the remainder when 481 is divided by 22?
19
What is the remainder when 133 is divided by 17?
14
Calculate the remainder when 236 is divided by 6.
2
What is the remainder when 138 is divided by 125?
13
Calculate the remainder when 91 is divided by 19.
15
Calculate the remainder when 6117 is divided by 204.
201
Calculate the remainder when 28275 is divided by 40.
35
What is the remainder when 670 is divided by 117?
85
What is the remainder when 61906 is divided by 67?
65
What is the remainder when 5826 is divided by 19?
12
What is the remainder when 130 is divided by 30?
10
Calculate the remainder when 541 is divided by 34.
31
What is the remainder when 82 is divided by 29?
24
What is the remainder when 26 is divided by 7?
5
Calculate the remainder when 365 is divided by 38.
23
Calculate the remainder when 479 is divided by 27.
20
Calculate the remainder when 28448 is divided by 50.
48
What is the remainder when 253 is divided by 51?
49
What is the remainder when 37 is divided by 24?
13
Calculate the remainder when 250 is divided by 6.
4
What is the remainder when 424 is divided by 5?
4
What is the remainder when 2545 is divided by 28?
25
What is the remainder when 268 is divided by 14?
2
What is the remainder when 207 is divided by 16?
15
What is the remainder when 1486 is divided by 16?
14
What is the remainder when 1832 is divided by 36?
32
Calculate the remainder when 229 is divided by 77.
75
What is the remainder when 394 is divided by 194?
6
Calculate the remainder when 48 is divided by 7.
6
Calculate the remainder when 5176 is divided by 31.
30
Calculate the remainder when 81 is divided by 28.
25
What is the remainder when 2707 is divided by 21?
19
Calculate the remainder when 231 is divided by 40.
31
Calculate the remainder when 1163 is divided by 12.
11
What is the remainder when 478 is divided by 37?
34
Calculate the remainder when 164 is divided by 28.
24
What is the remainder when 251 is divided by 11?
9
What is the remainder when 102 is divided by 11?
3
What is the remainder when 1451 is divided by 720?
11
Calculate the remainder when 561 is divided by 57.
48
What is the remainder when 1738 is divided by 60?
58
What is the remainder when 668 is divided by 67?
65
What is the remainder when 262 is divided by 26?
2
Calculate the remainder when 672 is divided by 13.
9
What is the remainder when 707 is divided by 231?
14
What is the remainder when 421 is divided by 47?
45
What is the remainder when 3749 is divided by 3740?
9
Calculate the remainder when 985 is divided by 34.
33
What is the remainder when 893 is divided by 14?
11
What is the remainder when 306 is divided by 102?
0
What is the remainder when 1998 is divided by 91?
87
What is the remainder when 798 is divided by 203?
189
What is the remainder when 151 is divided by 35?
11
Calculate the remainder when 17 is divided by 5.
2
What is the remainder when 1116 is divided by 212?
56
Calculate the remainder when 290 is divided by 14.
10
What is the remainder when 148 is divided by 87?
61
Calculate the remain